is divided by 1682?
1674
Calculate the remainder when 556265 is divided by 439.
52
What is the remainder when 306420 is divided by 173?
37
Calculate the remainder when 178802 is divided by 15986.
2956
What is the remainder when 231366 is divided by 617?
608
Calculate the remainder when 540476 is divided by 1489.
1458
What is the remainder when 1279079 is divided by 495?
494
What is the remainder when 35302859 is divided by 162?
143
Calculate the remainder when 87367 is divided by 2045.
1477
Calculate the remainder when 7487657 is divided by 133708.
9
Calculate the remainder when 130242022 is divided by 46665.
7
What is the remainder when 7939003 is divided by 13?
7
Calculate the remainder when 1741205 is divided by 9.
2
Calculate the remainder when 158172 is divided by 79058.
56
Calculate the remainder when 50596026 is divided by 2896.
10
What is the remainder when 18741398 is divided by 3748263?
83
What is the remainder when 28265222 is divided by 25?
22
Calculate the remainder when 4940644 is divided by 434.
422
What is the remainder when 2542055 is divided by 640?
615
Calculate the remainder when 59934 is divided by 29372.
1190
What is the remainder when 286974 is divided by 2657?
18
Calculate the remainder when 612770 is divided by 8643.
7760
Calculate the remainder when 7515958 is divided by 120.
118
What is the remainder when 450657 is divided by 48803?
11430
Calculate the remainder when 580651 is divided by 3318.
1
Calculate the remainder when 309030 is divided by 102578.
1296
What is the remainder when 754736 is divided by 137?
3
What is the remainder when 63333784 is divided by 118?
116
What is the remainder when 1345800 is divided by 1?
0
What is the remainder when 701103 is divided by 701087?
16
What is the remainder when 3678094241 is divided by 1276?
1273
What is the remainder when 6738380 is divided by 451?
440
Calculate the remainder when 1640991 is divided by 243.
12
What is the remainder when 2653688 is divided by 446?
434
What is the remainder when 135345 is divided by 45114?
3
What is the remainder when 390594 is divided by 1082?
1074
What is the remainder when 62983195 is divided by 322?
317
Calculate the remainder when 2818138 is divided by 787.
678
Calculate the remainder when 386481 is divided by 3043.
20
Calculate the remainder when 7367740 is divided by 669773.
237
What is the remainder when 178839 is divided by 2834?
297
What is the remainder when 2372041 is divided by 65?
61
Calculate the remainder when 24212 is divided by 7585.
1457
What is the remainder when 3949200 is divided by 12948?
60
What is the remainder when 67048904 is divided by 735?
734
What is the remainder when 68903 is divided by 9683?
1122
What is the remainder when 3858438 is divided by 199?
27
Calculate the remainder when 142351 is divided by 142143.
208
Calculate the remainder when 372626 is divided by 10669.
9880
What is the remainder when 6473832 is divided by 269743?
0
Calculate the remainder when 12591025 is divided by 299786.
13
Calculate the remainder when 169366 is divided by 166177.
3189
What is the remainder when 174548 is divided by 86728?
1092
What is the remainder when 7071238 is divided by 605?
603
What is the remainder when 3535749 is divided by 90630?
1179
Calculate the remainder when 267979378 is divided by 1114.
1108
What is the remainder when 154049 is divided by 2611?
0
What is the remainder when 3991210 is divided by 1995570?
70
Calculate the remainder when 333329 is divided by 76.
69
What is the remainder when 1650541625 is divided by 103?
100
What is the remainder when 1694717 is divided by 211838?
13
Calculate the remainder when 1132154 is divided by 377368.
50
Calculate the remainder when 2951054 is divided by 71.
10
What is the remainder when 866095 is divided by 1141?
76
Calculate the remainder when 514135079 is divided by 1107.
1106
What is the remainder when 119286 is divided by 2899?
427
What is the remainder when 9525 is divided by 471?
105
Calculate the remainder when 3786355 is divided by 703.
700
What is the remainder when 207223 is divided by 15710?
2993
What is the remainder when 158737 is divided by 156945?
1792
What is the remainder when 8666054 is divided by 135?
134
What is the remainder when 17226224 is divided by 77?
15
What is the remainder when 126351817 is divided by 15?
7
Calculate the remainder when 10249672 is divided by 102.
100
Calculate the remainder when 445800 is divided by 5125.
5050
Calculate the remainder when 29479108 is divided by 2790.
2758
What is the remainder when 165687 is divided by 1904?
39
Calculate the remainder when 20732 is divided by 2053.
202
What is the remainder when 12973405 is divided by 18094?
7
Calculate the remainder when 11125 is divided by 3355.
1060
What is the remainder when 2057427 is divided by 521?
519
What is the remainder when 1787459 is divided by 355?
34
Calculate the remainder when 10691435 is divided by 68.
67
What is the remainder when 6888292 is divided by 8104?
7996
What is the remainder when 45814095 is divided by 3722?
3719
Calculate the remainder when 2253686 is divided by 25903.
125
Calculate the remainder when 396428 is divided by 198203.
22
Calculate the remainder when 1687741 is divided by 792.
781
Calculate the remainder when 80855 is divided by 5.
0
What is the remainder when 4071672 is divided by 38?
10
What is the remainder when 46979 is divided by 44178?
2801
Calculate the remainder when 9853 is divided by 1905.
328
What is the remainder when 114771 is divided by 389?
16
Calculate the remainder when 25910575 is divided by 364937.
48
What is the remainder when 367654 is divided by 385?
364
What is the remainder when 6226705 is divided by 249065?
80
Calculate the remainder when 500373 is divided by 3051.
9
What is the remainder when 295435 is divided by 1290?
25
Calculate the remainder when 2159052 is divided by 18.
6
What is the remainder when 10614180 is divided by 5307088?
4
What is the remainder when 4032446 is divided by 9?
5
What is the remainder when 7276949 is divided by 225?
224
Calculate the remainder when 29226099 is divided by 14.
7
What is the remainder when 5593414 is divided by 1987?
9
What is the remainder when 66233099 is divided by 6623305?
49
Calculate the remainder when 3125344 is divided by 25001.
219
Calculate the remainder when 3963372 is divided by 10215.
10167
What is the remainder when 372867 is divided by 54?
51
What is the remainder when 651965 is divided by 15895?
270
What is the remainder when 4399539 is divided by 879906?
9
Calculate the remainder when 36069981 is divided by 8.
5
What is the remainder when 1456558 is divided by 1865?
1858
Calculate the remainder when 24211730 is divided by 423.
56
What is the remainder when 91189 is divided by 257?
211
Calculate the remainder when 3802636 is divided by 2905.
2896
Calculate the remainder when 42480391 is divided by 6786.
31
What is the remainder when 138856423 is divided by 7?
6
Calculate the remainder when 7034 is divided by 15.
14
What is the remainder when 254892 is divided by 3269?
3179
What is the remainder when 80595 is divided by 3684?
3231
Calculate the remainder when 397017 is divided by 2237.
1068
What is the remainder when 41468043 is divided by 3795?
78
Calculate the remainder when 20723 is divided by 2920.
283
What is the remainder when 69529 is divided by 176?
9
Calculate the remainder when 1153750 is divided by 32046.
94
Calculate the remainder when 2986432 is divided by 193.
143
What is the remainder when 5482949 is divided by 30?
29
Calculate the remainder when 556817 is divided by 26515.
2
Calculate the remainder when 504782673 is divided by 86.
83
What is the remainder when 20115516 is divided by 258?
30
What is the remainder when 1046002 is divided by 3650?
2102
Calculate the remainder when 14218 is divided by 4525.
643
Calculate the remainder when 754478 is divided by 33.
32
Calculate the remainder when 272735 is divided by 159.
50
Calculate the remainder when 56398 is divided by 4329.
121
What is the remainder when 197873344 is divided by 161?
158
What is the remainder when 187567 is divided by 934?
767
Calculate the remainder when 512673 is divided by 129.
27
What is the remainder when 2022776 is divided by 285?
131
What is the remainder w